[INFO] cloning repository https://github.com/arpan-dhatt/csclubwebsite
[INFO] running `Command { std: "git" "-c" "credential.helper=" "-c" "credential.helper=/workspace/cargo-home/bin/git-credential-null" "clone" "--bare" "https://github.com/arpan-dhatt/csclubwebsite" "/workspace/cache/git-repos/https%3A%2F%2Fgithub.com%2Farpan-dhatt%2Fcsclubwebsite", kill_on_drop: false }`
[INFO] [stderr] Cloning into bare repository '/workspace/cache/git-repos/https%3A%2F%2Fgithub.com%2Farpan-dhatt%2Fcsclubwebsite'...
[INFO] running `Command { std: "git" "rev-parse" "HEAD", kill_on_drop: false }`
[INFO] [stdout] c93d5898e27c37f1c1d2621657e21c9216d58873
[INFO] checking arpan-dhatt/csclubwebsite against try#72f88fc4e9458f89516a0b8b0868f3718aec5b47 for pr-74989
[INFO] running `Command { std: "git" "clone" "/workspace/cache/git-repos/https%3A%2F%2Fgithub.com%2Farpan-dhatt%2Fcsclubwebsite" "/workspace/builds/worker-10/source", kill_on_drop: false }`
[INFO] [stderr] Cloning into '/workspace/builds/worker-10/source'...
[INFO] [stderr] done.
[INFO] validating manifest of git repo https://github.com/arpan-dhatt/csclubwebsite on toolchain 72f88fc4e9458f89516a0b8b0868f3718aec5b47
[INFO] running `Command { std: "/workspace/cargo-home/bin/cargo" "+72f88fc4e9458f89516a0b8b0868f3718aec5b47" "read-manifest" "--manifest-path" "Cargo.toml", kill_on_drop: false }`
[INFO] started tweaking git repo https://github.com/arpan-dhatt/csclubwebsite
[INFO] finished tweaking git repo https://github.com/arpan-dhatt/csclubwebsite
[INFO] tweaked toml for git repo https://github.com/arpan-dhatt/csclubwebsite written to /workspace/builds/worker-10/source/Cargo.toml
[INFO] crate git repo https://github.com/arpan-dhatt/csclubwebsite already has a lockfile, it will not be regenerated
[INFO] running `Command { std: "/workspace/cargo-home/bin/cargo" "+72f88fc4e9458f89516a0b8b0868f3718aec5b47" "fetch" "--locked" "--manifest-path" "Cargo.toml", kill_on_drop: false }`
[INFO] running `Command { std: "docker" "create" "-v" "/var/lib/crater-agent-workspace/builds/worker-10/target:/opt/rustwide/target:rw,Z" "-v" "/var/lib/crater-agent-workspace/builds/worker-10/source:/opt/rustwide/workdir:ro,Z" "-v" "/var/lib/crater-agent-workspace/cargo-home:/opt/rustwide/cargo-home:ro,Z" "-v" "/var/lib/crater-agent-workspace/rustup-home:/opt/rustwide/rustup-home:ro,Z" "-e" "SOURCE_DIR=/opt/rustwide/workdir" "-e" "CARGO_TARGET_DIR=/opt/rustwide/target" "-e" "CARGO_HOME=/opt/rustwide/cargo-home" "-e" "RUSTUP_HOME=/opt/rustwide/rustup-home" "-w" "/opt/rustwide/workdir" "-m" "1610612736" "--user" "0:0" "--network" "none" "rustops/crates-build-env@sha256:d92eaeed33fa75130ca1ee6c8a01d1ffb62bac859dfdfb3450e3e5d1c0146529" "/opt/rustwide/cargo-home/bin/cargo" "+72f88fc4e9458f89516a0b8b0868f3718aec5b47" "metadata" "--no-deps" "--format-version=1", kill_on_drop: false }`
[INFO] [stdout] 78a503d4d70fda742fcc2b2f9399d330bf0c452b93ef770bff0755e979ffd171
[INFO] [stderr] WARNING: Your kernel does not support swap limit capabilities or the cgroup is not mounted. Memory limited without swap.
[INFO] running `Command { std: "docker" "start" "-a" "78a503d4d70fda742fcc2b2f9399d330bf0c452b93ef770bff0755e979ffd171", kill_on_drop: false }`
[INFO] running `Command { std: "docker" "inspect" "78a503d4d70fda742fcc2b2f9399d330bf0c452b93ef770bff0755e979ffd171", kill_on_drop: false }`
[INFO] running `Command { std: "docker" "rm" "-f" "78a503d4d70fda742fcc2b2f9399d330bf0c452b93ef770bff0755e979ffd171", kill_on_drop: false }`
[INFO] [stdout] 78a503d4d70fda742fcc2b2f9399d330bf0c452b93ef770bff0755e979ffd171
[INFO] running `Command { std: "docker" "create" "-v" "/var/lib/crater-agent-workspace/builds/worker-10/target:/opt/rustwide/target:rw,Z" "-v" "/var/lib/crater-agent-workspace/builds/worker-10/source:/opt/rustwide/workdir:ro,Z" "-v" "/var/lib/crater-agent-workspace/cargo-home:/opt/rustwide/cargo-home:ro,Z" "-v" "/var/lib/crater-agent-workspace/rustup-home:/opt/rustwide/rustup-home:ro,Z" "-e" "SOURCE_DIR=/opt/rustwide/workdir" "-e" "CARGO_TARGET_DIR=/opt/rustwide/target" "-e" "CARGO_INCREMENTAL=0" "-e" "RUST_BACKTRACE=full" "-e" "RUSTFLAGS=--cap-lints=forbid" "-e" "CARGO_HOME=/opt/rustwide/cargo-home" "-e" "RUSTUP_HOME=/opt/rustwide/rustup-home" "-w" "/opt/rustwide/workdir" "-m" "1610612736" "--user" "0:0" "--network" "none" "rustops/crates-build-env@sha256:d92eaeed33fa75130ca1ee6c8a01d1ffb62bac859dfdfb3450e3e5d1c0146529" "/opt/rustwide/cargo-home/bin/cargo" "+72f88fc4e9458f89516a0b8b0868f3718aec5b47" "check" "--frozen" "--all" "--all-targets" "--message-format=json", kill_on_drop: false }`
[INFO] [stdout] 83c8bcd14c9a907b21e0fb62f156419c96fcbcace585809a3533cfb7160a23cb
[INFO] [stderr] WARNING: Your kernel does not support swap limit capabilities or the cgroup is not mounted. Memory limited without swap.
[INFO] running `Command { std: "docker" "start" "-a" "83c8bcd14c9a907b21e0fb62f156419c96fcbcace585809a3533cfb7160a23cb", kill_on_drop: false }`
[INFO] [stderr]    Compiling memchr v2.3.0
[INFO] [stderr]     Checking thread_local v1.0.1
[INFO] [stderr]     Checking aho-corasick v0.7.6
[INFO] [stderr]     Checking regex v1.3.3
[INFO] [stderr]     Checking csclubwebsite v0.1.0 (/opt/rustwide/workdir)
[INFO] [stdout] error[E0412]: cannot find type `header_body_pair` in this scope
[INFO] [stdout]   --> src/parser.rs:49:14
[INFO] [stdout]    |
[INFO] [stdout] 49 |     content: header_body_pair
[INFO] [stdout]    |              ^^^^^^^^^^^^^^^^ help: a struct with a similar name exists: `HeaderBodyPair`
[INFO] [stdout] ...
[INFO] [stdout] 52 | struct HeaderBodyPair {
[INFO] [stdout]    | --------------------- similarly named struct `HeaderBodyPair` defined here
[INFO] [stdout] 
[INFO] [stdout] 
[INFO] [stdout] error[E0425]: cannot find function `read_pairs` in module `parser`
[INFO] [stdout]  --> src/main.rs:5:26
[INFO] [stdout]   |
[INFO] [stdout] 5 |     let output = parser::read_pairs(&input);
[INFO] [stdout]   |                          ^^^^^^^^^^ not found in `parser`
[INFO] [stdout] 
[INFO] [stdout] 
[INFO] [stdout] warning: unused import: `core::num::flt2dec::strategy::grisu::format_exact`
[INFO] [stdout]  --> src/parser.rs:1:5
[INFO] [stdout]   |
[INFO] [stdout] 1 | use core::num::flt2dec::strategy::grisu::format_exact;
[INFO] [stdout]   |     ^^^^^^^^^^^^^^^^^^^^^^^^^^^^^^^^^^^^^^^^^^^^^^^^^
[INFO] [stdout]   |
[INFO] [stdout]   = note: `#[warn(unused_imports)]` on by default
[INFO] [stdout] 
[INFO] [stdout] 
[INFO] [stdout] error[E0658]: use of unstable library feature 'flt2dec': internal routines only exposed for testing
[INFO] [stdout]  --> src/parser.rs:1:5
[INFO] [stdout]   |
[INFO] [stdout] 1 | use core::num::flt2dec::strategy::grisu::format_exact;
[INFO] [stdout]   |     ^^^^^^^^^^^^^^^^^^^^^^^^^^^^^^^^^^^^^^^^^^^^^^^^^
[INFO] [stdout]   |
[INFO] [stdout]   = help: add `#![feature(flt2dec)]` to the crate attributes to enable
[INFO] [stdout] 
[INFO] [stdout] 
[INFO] [stdout] error[E0412]: cannot find type `header_body_pair` in this scope
[INFO] [stdout]   --> src/parser.rs:49:14
[INFO] [stdout]    |
[INFO] [stdout] 49 |     content: header_body_pair
[INFO] [stdout]    |              ^^^^^^^^^^^^^^^^ help: a struct with a similar name exists: `HeaderBodyPair`
[INFO] [stdout] ...
[INFO] [stdout] 52 | struct HeaderBodyPair {
[INFO] [stdout]    | --------------------- similarly named struct `HeaderBodyPair` defined here
[INFO] [stdout] 
[INFO] [stdout] 
[INFO] [stdout] error[E0425]: cannot find function `read_pairs` in module `parser`
[INFO] [stdout]  --> src/main.rs:5:26
[INFO] [stdout]   |
[INFO] [stdout] 5 |     let output = parser::read_pairs(&input);
[INFO] [stdout]   |                          ^^^^^^^^^^ not found in `parser`
[INFO] [stdout] 
[INFO] [stdout] 
[INFO] [stdout] warning: unused import: `core::num::flt2dec::strategy::grisu::format_exact`
[INFO] [stdout]  --> src/parser.rs:1:5
[INFO] [stdout]   |
[INFO] [stdout] 1 | use core::num::flt2dec::strategy::grisu::format_exact;
[INFO] [stdout]   |     ^^^^^^^^^^^^^^^^^^^^^^^^^^^^^^^^^^^^^^^^^^^^^^^^^
[INFO] [stdout]   |
[INFO] [stdout]   = note: `#[warn(unused_imports)]` on by default
[INFO] [stdout] 
[INFO] [stdout] 
[INFO] [stdout] error[E0658]: use of unstable library feature 'flt2dec': internal routines only exposed for testing
[INFO] [stdout]  --> src/parser.rs:1:5
[INFO] [stdout]   |
[INFO] [stdout] 1 | use core::num::flt2dec::strategy::grisu::format_exact;
[INFO] [stdout]   |     ^^^^^^^^^^^^^^^^^^^^^^^^^^^^^^^^^^^^^^^^^^^^^^^^^
[INFO] [stdout]   |
[INFO] [stdout]   = help: add `#![feature(flt2dec)]` to the crate attributes to enable
[INFO] [stdout] 
[INFO] [stdout] 
[INFO] [stdout] error[E0308]: mismatched types
[INFO] [stdout]   --> src/parser.rs:29:30
[INFO] [stdout]    |
[INFO] [stdout] 29 |     fn html_render(&self) -> String {
[INFO] [stdout]    |        -----------           ^^^^^^ expected struct `String`, found `()`
[INFO] [stdout]    |        |
[INFO] [stdout]    |        implicitly returns `()` as its body has no tail or `return` expression
[INFO] [stdout] 
[INFO] [stdout] 
[INFO] [stdout] error[E0308]: mismatched types
[INFO] [stdout]   --> src/parser.rs:29:30
[INFO] [stdout]    |
[INFO] [stdout] 29 |     fn html_render(&self) -> String {
[INFO] [stdout]    |        -----------           ^^^^^^ expected struct `String`, found `()`
[INFO] [stdout]    |        |
[INFO] [stdout]    |        implicitly returns `()` as its body has no tail or `return` expression
[INFO] [stdout] 
[INFO] [stdout] 
[INFO] [stdout] error[E0277]: the type `String` cannot be indexed by `usize`
[INFO] [stdout]   --> src/parser.rs:79:35
[INFO] [stdout]    |
[INFO] [stdout] 79 |         let curr = format!("{}{}",input[i],input[i+1]);
[INFO] [stdout]    |                                   ^^^^^^^^ `String` cannot be indexed by `usize`
[INFO] [stdout]    |
[INFO] [stdout]    = help: the trait `Index<usize>` is not implemented for `String`
[INFO] [stdout] 
[INFO] [stdout] 
[INFO] [stdout] error[E0277]: the type `String` cannot be indexed by `usize`
[INFO] [stdout]   --> src/parser.rs:79:35
[INFO] [stdout]    |
[INFO] [stdout] 79 |         let curr = format!("{}{}",input[i],input[i+1]);
[INFO] [stdout]    |                                   ^^^^^^^^ `String` cannot be indexed by `usize`
[INFO] [stdout]    |
[INFO] [stdout]    = help: the trait `Index<usize>` is not implemented for `String`
[INFO] [stdout] 
[INFO] [stdout] 
[INFO] [stdout] error[E0277]: the type `String` cannot be indexed by `usize`
[INFO] [stdout]   --> src/parser.rs:79:44
[INFO] [stdout]    |
[INFO] [stdout] 79 |         let curr = format!("{}{}",input[i],input[i+1]);
[INFO] [stdout]    |                                            ^^^^^^^^^^ `String` cannot be indexed by `usize`
[INFO] [stdout]    |
[INFO] [stdout]    = help: the trait `Index<usize>` is not implemented for `String`
[INFO] [stdout] 
[INFO] [stdout] 
[INFO] [stdout] error[E0277]: the type `String` cannot be indexed by `usize`
[INFO] [stdout]   --> src/parser.rs:79:44
[INFO] [stdout]    |
[INFO] [stdout] 79 |         let curr = format!("{}{}",input[i],input[i+1]);
[INFO] [stdout]    |                                            ^^^^^^^^^^ `String` cannot be indexed by `usize`
[INFO] [stdout]    |
[INFO] [stdout]    = help: the trait `Index<usize>` is not implemented for `String`
[INFO] [stdout] 
[INFO] [stdout] 
[INFO] [stdout] error: aborting due to 6 previous errors; 1 warning emitted
[INFO] [stdout] 
[INFO] [stdout] 
[INFO] [stdout] error: aborting due to 6 previous errors; 1 warning emitted
[INFO] [stdout] 
[INFO] [stdout] 
[INFO] [stdout] Some errors have detailed explanations: E0277, E0308, E0412, E0425, E0658.
[INFO] [stdout] 
[INFO] [stdout] For more information about an error, try `rustc --explain E0277`.
[INFO] [stdout] 
[INFO] [stdout] Some errors have detailed explanations: E0277, E0308, E0412, E0425, E0658.
[INFO] [stdout] 
[INFO] [stdout] For more information about an error, try `rustc --explain E0277`.
[INFO] [stdout] 
[INFO] [stderr] error: could not compile `csclubwebsite`.
[INFO] [stderr] 
[INFO] [stderr] To learn more, run the command again with --verbose.
[INFO] [stderr] warning: build failed, waiting for other jobs to finish...
[INFO] [stderr] error: build failed
[INFO] running `Command { std: "docker" "inspect" "83c8bcd14c9a907b21e0fb62f156419c96fcbcace585809a3533cfb7160a23cb", kill_on_drop: false }`
[INFO] running `Command { std: "docker" "rm" "-f" "83c8bcd14c9a907b21e0fb62f156419c96fcbcace585809a3533cfb7160a23cb", kill_on_drop: false }`
[INFO] [stdout] 83c8bcd14c9a907b21e0fb62f156419c96fcbcace585809a3533cfb7160a23cb
